Calculate j(n).
-1
Let b(q) = -q. Let h(j) = -5*j. Let o(c) = 4*b(c) - h(c). What is o(-9)?
-9
Let n(v) = -3*v + 2. Suppose 43 = -7*r + 22. Calculate n(r).
11
Let u(c) = 208 + 215 - 12*c - 431 - c**2. Give u(-11).
3
Let l = -2 - -3. Suppose 2*i - i = -4*r + 16, -4*i + 5*r + l = 0. Let c = 4 - i. Let t(z) = -z**2 + z + 7. Calculate t(c).
7
Let p(i) = i**2 - 8*i + 3. Let r be p(5). Let m(h) = -h - 6. Determine m(r).
6
Let g(x) = -2*x - 6*x**2 - 3*x**3 + x - 6*x**3 + 4*x**2. Suppose k = -3 + 2. Give g(k).
8
Let x(j) be the second derivative of j**4/12 - j**3/6 + 2*j**2 + 3*j. Suppose -6 = 4*s - 2. Let r = 1 + s. What is x(r)?
4
Let h(c) = c**2 - c + 5. Let q(u) = -u**2 - 7*u - 4. Let f be q(-6). Suppose -f*g = g. What is h(g)?
5
Let j(u) = -2*u - 7. Let n(w) = -w + 10. Let p be n(7). Suppose -25 = -4*b + p. Let l = b + -12. Give j(l).
3
Let c(n) = -n**2 + 1. Let i(z) = -1 + 4*z - 7 + 11*z**2 - 2*z - 3*z**2. Let v(h) = -6*c(h) - i(h). Give v(-3).
-10
Suppose 0 = -f + 29 - 25. Let n(u) = 3*u - 6. Give n(f).
6
Let q(n) = -32 - 36 + n**2 + 71 + 9*n. Determine q(-4).
-17
Let k(x) = 7*x**3 - 8*x**3 + 5*x**2 + 2 - x - 4*x. Let h(l) = 2*l - 7. Let u be h(6). Suppose 3*m - u = 4. Calculate k(m).
5
Let f(l) be the second derivative of l**4/12 - 4*l**3/3 + 6*l**2 - 7*l. Calculate f(8).
12
Suppose 9 = 5*g - 6. Let t(h) = -1 - h + g*h + 3. Give t(4).
10
Let n(v) be the second derivative of v**6/360 - v**5/40 - v**4/12 - v**3/2 - 8*v. Let m(y) be the second derivative of n(y). Give m(5).
8
Let d be (5 - 0) + (-1 - 2). Let s(f) = -8*f + f + d*f - 1 + 2. What is s(-1)?
6
Let k(s) = -s**2 - s + 3. Let h = -25 + 18. Let z(x) = x**3 + 8*x**2 + 8*x + 7. Let v be z(h). Give k(v).
3
Suppose -2*j + 25 = 3*j. Let o(q) = -q**2 - 4 + 3 - 4*q + 2*q**2 - j. Determine o(6).
6
Let c(z) = z**2 + 3*z - 1. Suppose -x - 7 + 3 = 0. Give c(x).
3
Let q(k) = -4*k + 3 + 17*k**2 + 4 - 16*k**2 - 2*k. Give q(5).
2
Let s(a) be the third derivative of a**4/24 - 2*a**3 + 6*a**2. Let p be s(6). Let m(x) = -x**3 - 5*x**2 + 7*x + 5. Give m(p).
-1
Let v(g) = -16*g**3 - 2*g**2 + g + 2. Let p(q) = -65*q**3 - 9*q**2 + 5*q + 9. Let w(u) = 2*p(u) - 9*v(u). Determine w(1).
15
Suppose -2*z + 1 + 3 = 0, -2*z = 3*s - 19. Let c(m) = -m**3 + 4*m**2 + 4*m + 4. Give c(s).
-1
Let v(c) = c**3 + 6*c**2 + 6*c + 3. Let s(o) be the third derivative of -o**3/6 + o**2. Let f(a) = 5*s(a) + v(a). Give f(-5).
-7
Suppose -2*r - 3*r = -120. Let w(t) = r + t + 2*t - 27. Give w(2).
3
Let g = 14 + -3. Let d(l) = 9*l + l**3 - g*l - 6 - 3*l**2 - l**2. Give d(5).
9
Let d(r) = r**2 + 10*r - 60. Let f be d(-14). Let o(w) be the second derivative of 1/3*w**3 - 1/2*w**2 - w - 1/20*w**5 + 0 - 1/4*w**4. What is o(f)?
7
Suppose -4*h + 0*h + 16 = 0. Let o(l) = 0 - 3 - h + 4 - 2*l. Suppose -5*t + 4 = 14. Calculate o(t).
1
Let v(t) = 21*t + 7. Let q(m) = -11*m - 4. Let i(r) = 7*q(r) + 4*v(r). Suppose 2*d + 0*d - 4 = 0. Let p = d - 1. Give i(p).
7
Let l(c) = -c**3 + 5*c**2 - 6*c + 2. Let k be l(2). Let u(t) = t**3 - t - 2. Determine u(k).
4
Let k(g) = g**2 + 7*g + 4. Let p be ((-27)/(-12))/((-6)/16). What is k(p)?
-2
Let h be 30/25*(-10)/(-3). Let i(z) = z**2 - 4*z + 2. Calculate i(h).
2
Let k be (-15)/(-10) + (-18)/4. Let t(z) be the third derivative of z**6/120 + z**5/20 - 2*z**3/3 + 2*z**2. Determine t(k).
-4
Let d(n) = -n + 3 + 9*n - 4*n - 2. Determine d(3).
13
Let m(l) = 5*l + 2 - 2*l - 2*l. Give m(-5).
-3
Let h(z) be the third derivative of -z**5/120 - z**4/4 + z**3/2 + z**2. Let j(c) be the first derivative of h(c). What is j(-5)?
-1
Let h(i) = i + 1. Suppose -10 = -5*p - 5. Calculate h(p).
2
Let o(f) = -2*f - 5. Let m(v) = -2*v - 6. Let n(y) = 6*m(y) - 7*o(y). What is n(4)?
7
Suppose 0 = 3*c - 0 - 6. Let i(o) = c + 9*o + 0 - 2. Calculate i(1).
9
Let l(w) be the third derivative of -w**5/30 - w**4/24 - w**2. Suppose 2*o - 7 = -1. Let t be (-2 - (-5)/o)*-3. Give l(t).
-3
Let q(s) = 21*s - 7 + 2 - 3*s**2 - 23*s + 4*s**2. What is q(4)?
3
Suppose 5*q - 3 = 2. Let g(l) = l - 5. Let d be g(5). Let y(b) = -1 - 2*b**2 + d + 4*b**2. Calculate y(q).
1
Let m = 1 + -2. Let u(c) = 2*c**3 + c**2 + 6*c + 1. Let f(l) = 3*l**3 + l**2 + 5*l + 1. Let x(a) = -5*f(a) + 4*u(a). What is x(m)?
6
Let m = -7 + 12. Let o = 15 + -10. Let i(h) = -9*h**2 + h**3 + o*h**2 + 2*h - 7*h + 5. Calculate i(m).
5
Let f(d) be the second derivative of 0 - d**2 - 4*d - 1/12*d**4 - 1/120*d**6 + 7/6*d**3 + 1/12*d**5. Let k(w) be the first derivative of f(w). Give k(5).
-3
Let f(l) be the second derivative of -l**5/20 - l**4/12 + l**3/3 + l**2/2 + l. Let b be f(-2). Let d(c) = -b + 9*c**3 + 6*c - 2*c - 5*c. Determine d(-1).
-9
Suppose a - 4 + 2 = 0. Let h(x) = 2*x + 1. What is h(a)?
5
Let a(h) = -3*h - 5 + 4*h + 0*h. Give a(5).
0
Let x(s) = 2*s**2 - 7*s - 5. Let l be x(4). Let n(r) = 7*r**3 + 2*r**2 - 1. Determine n(l).
-6
Let m(v) be the second derivative of 3/2*v**2 - 5/6*v**3 + 0 - 4*v. Determine m(2).
-7
Let n(w) = -w**3 - 12*w**2 - 11*w. Let d be n(-11). Let g(z) = -z + 2. Let b be g(-2). Let m(q) = -q**2 + 5 + q - 3 + b. Determine m(d).
6
Let d(b) = b**3 + 3*b**2 - 5*b + 2. Let x = 4 + -8. What is d(x)?
6
Let h(t) = 4*t + 1. Let u = 26 + -27. Calculate h(u).
-3
Let g(s) = s + 19*s**3 - 3*s**2 - 3 - s**2 - 18*s**3. Give g(3).
-9
Let u(f) = -2*f - 5. Let o be 2/(-7) + (-30)/(-7). Suppose 4*s + 28 = -4*m, 2*m = -5*s - 4 - 4. Let c = m + o. Calculate u(c).
5
Let n(s) = -s**3 - 2*s**2 + 2*s + 4. Let o(w) = w - 11. Let t be o(0). Let k = t - -8. Determine n(k).
7
Let a(f) be the second derivative of -f**6/120 + f**5/12 - f**4/6 - 2*f**3/3 - f**2/2 + 3*f. Let y(b) be the first derivative of a(b). What is y(4)?
-4
Let s(k) be the second derivative of 0 + k + 0*k**2 - 1/3*k**3. Suppose 0 = -4*u + 3*u + 4. Give s(u).
-8
Let f(o) be the second derivative of -o**4/12 - 2*o**3/3 - 5*o**2/2 + o. Let w be f(-4). Let x(q) = -q - 6. Calculate x(w).
-1
Suppose -2*d = -d - 2. Let c(i) = d*i + 2*i - 3*i. What is c(-2)?
-2
Let u(r) = -r**2 + 7*r - 7. Let q(a) = a**3 + 1. Let d be q(1). Suppose -d*n + 5 = -n. Determine u(n).
3
Let n(l) = -l. Let o(h) = -3*h + 8. Let a(j) = 2*n(j) - o(j). Let y(m) = m**3 + 6*m**2 + 4*m + 1. Let b be y(-5). Calculate a(b).
-2
Suppose 3*m + m = 0. Suppose -y - 2*d + m - 3 = 0, 4*d + 36 = 4*y. Let u(j) = -j**3 + 5*j**2 + j + 4. Calculate u(y).
9
Let k(p) = -p**2 + 5*p - 2. Let d be k(2). Suppose 4*z + 0 = d. Let l = z + -3. Let j(o) = o**2 + 1. Calculate j(l).
5
Suppose -2*f + 6*f - 18 = -2*h, -3*f + 11 = h. Let o(p) = -4*p**2 - 3*p**2 + 5*p**f + 4*p**2. Calculate o(2).
8
Suppose 2*d - 16 = 2*u, 4*d - 8*d + u = -20. Suppose -d*f + 7*f = -9. Let v(w) = 2*w + 4. Calculate v(f).
-2
Let a be 40/7 - 2/(-7). Suppose 24 - a = -3*k. Let u(c) = c**2 + 7*c + 5. Calculate u(k).
-1
Suppose -4*r - 5 = -5*r. Let a(p) = p**2 - 7*p - 1. Give a(r).
-11
Let o(i) = -9*i**3 + 25*i**2 - 7*i - 27. Let y(k) = 5*k**3 - 13*k**2 + 3*k + 14. Let x(f) = 6*o(f) + 11*y(f). What is x(-8)?
0
Let d(a) = a**3 + a. Let h(s) = -5*s**3 - 5*s**2 - 5. Let v(c) = 6*d(c) + h(c). Give v(4).
3
Suppose -3*u = -0*i - 2*i + 13, 0 = -5*u - 5*i - 30. Let s(j) be the second derivative of -j**3/6 - j**2 - j. What is s(u)?
3
Let m(t) = -11*t**3 - t**2 + 4*t - 1. Let b(s) = 21*s**3 + 2*s**2 - 7*s + 2. Let z(d) = -6*b(d) - 11*m(d). What is z(-1)?
5
Let g(k) = 10 - 2*k + 3 + k + 0. Calculate g(11).
2
Suppose 0 = 4*f - 5*f + 6. Let n = 9 - f. Let j(b) = b + 2. Give j(n).
5
Let f = -3 - -8. Let a(l) be the third derivative of -l**6/360 + l**5/20 + l**4/12 - l**2. Let i(g) be the second derivative of a(g). Give i(f).
-4
Let f(d) = d**2 + 8. Suppose -k - w - w = -23, w - 99 = -4*k. Suppose m - 15 = h - 2*m, -5*m + k = -3*h. Suppose -6*b + 4*b = h. What is f(b)?
8
Suppose 2*h + 0*h = 32. Let f(s) = 22*s - 10. Let p(m) = 7*m - 3. Let j(l) = h*p(l) - 5*f(l). What is j(-2)?
-2
Let v(d) = 2*d - 3. Let j be v(2). Let q(y) = -8*y + 1. Let o(a) = -a. Let g = -4 - -6. Let i(r) = g*o(r) + j*q(r). Give i(1).
-9
Let j(m) = -m**3 + 4*m**2 + 3*m - 2. Suppose 5*a = 5*l - 5, 2*a = 5*l - l - 10. Calculate j(l).
10
Let l = -10 + 8. Let p be 5 + (-2 - 2/l). Let a(o) = 6 - 3*o - 2*o + 2*o. Calculate a(p).
-6
Let s(d) be the third derivative of -d**6/720 - d**4/12 + d**2. Let b(h) be the second derivative of s(h). Determine b(-3).
3